n 281 is divided by 38?
15
What is the remainder when 358 is divided by 332?
26
Calculate the remainder when 51 is divided by 13.
12
What is the remainder when 28481 is divided by 202?
201
Calculate the remainder when 96 is divided by 11.
8
Calculate the remainder when 56 is divided by 13.
4
What is the remainder when 244 is divided by 61?
0
What is the remainder when 122 is divided by 69?
53
Calculate the remainder when 814 is divided by 34.
32
Calculate the remainder when 578 is divided by 148.
134
What is the remainder when 4719 is divided by 4708?
11
Calculate the remainder when 791 is divided by 22.
21
Calculate the remainder when 168 is divided by 58.
52
What is the remainder when 5470 is divided by 152?
150
What is the remainder when 585 is divided by 78?
39
Calculate the remainder when 2576 is divided by 1282.
12
What is the remainder when 390 is divided by 377?
13
Calculate the remainder when 99 is divided by 26.
21
Calculate the remainder when 155 is divided by 32.
27
Calculate the remainder when 214 is divided by 81.
52
Calculate the remainder when 534 is divided by 112.
86
What is the remainder when 76 is divided by 16?
12
What is the remainder when 1116 is divided by 46?
12
What is the remainder when 209 is divided by 102?
5
What is the remainder when 7214 is divided by 3607?
0
What is the remainder when 511 is divided by 102?
1
Calculate the remainder when 385 is divided by 23.
17
Calculate the remainder when 153 is divided by 53.
47
What is the remainder when 49 is divided by 8?
1
What is the remainder when 48 is divided by 27?
21
Calculate the remainder when 25 is divided by 10.
5
Calculate the remainder when 165 is divided by 85.
80
What is the remainder when 2218 is divided by 101?
97
What is the remainder when 660 is divided by 43?
15
What is the remainder when 12 is divided by 8?
4
What is the remainder when 2655 is divided by 856?
87
What is the remainder when 324 is divided by 9?
0
What is the remainder when 776 is divided by 130?
126
Calculate the remainder when 263 is divided by 88.
87
What is the remainder when 276 is divided by 37?
17
What is the remainder when 266 is divided by 136?
130
What is the remainder when 3056 is divided by 58?
40
What is the remainder when 125 is divided by 26?
21
Calculate the remainder when 148 is divided by 45.
13
Calculate the remainder when 558 is divided by 40.
38
What is the remainder when 4980 is divided by 498?
0
Calculate the remainder when 1373 is divided by 428.
89
Calculate the remainder when 80 is divided by 15.
5
Calculate the remainder when 3915 is divided by 44.
43
What is the remainder when 6964 is divided by 129?
127
Calculate the remainder when 7690 is divided by 2547.
49
Calculate the remainder when 549 is divided by 135.
9
What is the remainder when 2039 is divided by 75?
14
Calculate the remainder when 1161 is divided by 107.
91
What is the remainder when 96 is divided by 49?
47
Calculate the remainder when 14653 is divided by 16.
13
Calculate the remainder when 43 is divided by 22.
21
What is the remainder when 553 is divided by 276?
1
Calculate the remainder when 94 is divided by 16.
14
What is the remainder when 202 is divided by 23?
18
What is the remainder when 65 is divided by 19?
8
Calculate the remainder when 205 is divided by 96.
13
What is the remainder when 65 is divided by 34?
31
What is the remainder when 297 is divided by 82?
51
Calculate the remainder when 2222 is divided by 101.
0
What is the remainder when 40 is divided by 27?
13
What is the remainder when 413 is divided by 78?
23
What is the remainder when 522 is divided by 84?
18
Calculate the remainder when 16 is divided by 11.
5
Calculate the remainder when 106 is divided by 83.
23
What is the remainder when 76 is divided by 20?
16
What is the remainder when 507 is divided by 130?
117
What is the remainder when 362 is divided by 33?
32
Calculate the remainder when 472 is divided by 5.
2
What is the remainder when 48037 is divided by 20?
17
Calculate the remainder when 3449 is divided by 46.
45
Calculate the remainder when 271 is divided by 21.
19
What is the remainder when 391 is divided by 56?
55
Calculate the remainder when 884 is divided by 110.
4
Calculate the remainder when 1651 is divided by 57.
55
What is the remainder when 373 is divided by 25?
23
Calculate the remainder when 1653 is divided by 24.
21
Calculate the remainder when 262 is divided by 18.
10
What is the remainder when 7557 is divided by 135?
132
Calculate the remainder when 223 is divided by 71.
10
Calculate the remainder when 393 is divided by 110.
63
Calculate the remainder when 3477 is divided by 120.
117
Calculate the remainder when 346 is divided by 9.
4
What is the remainder when 4066 is divided by 47?
24
What is the remainder when 422 is divided by 87?
74
What is the remainder when 276 is divided by 48?
36
Calculate the remainder when 757 is divided by 690.
67
Calculate the remainder when 351 is divided by 155.
41
What is the remainder when 1191 is divided by 74?
7
Calculate the remainder when 2364 is divided by 398.
374
Calculate the remainder when 83 is divided by 57.
26
Calculate the remainder when 434 is divided by 106.
10
Calculate the remainder when 514 is divided by 47.
44
Calculate the remainder when 101 is divided by 17.
16
What is the remainder when 484 is divided by 54?
52
Calculate the remainder when 383 is divided by 177.
29
What is the remainder when 8638 is divided by 20?
18
Calculate the remainder when 480 is divided by 252.
228
Calculate the remainder when 315 is divided by 16.
11
Calculate the remainder when 8020 is divided by 17.
13
What is the remainder when 264 is divided by 67?
63
Calculate the remainder when 632 is divided by 49.
44
What is the remainder when 50 is divided by 19?
12
What is the remainder when 185 is divided by 6?
5
Calculate the remainder when 163 is divided by 144.
19
Calculate the remainder when 61 is divided by 39.
22
Calculate the remainder when 191 is divided by 27.
2
Calculate the remainder when 174 is divided by 5.
4
Calculate the remainder when 8083 is divided by 55.
53
What is the remainder when 4895 is divided by 213?
209
Calculate the remainder when 39 is divided by 29.
10
What is the remainder when 1615 is divided by 77?
75
Calculate the remainder when 132 is divided by 59.
14
Calculate the remainder when 509 is divided by 112.
61
What is the remainder when 353 is divided by 103?
44
Calculate the remainder when 759 is divided by 179.
43
Calculate the remainder when 110 is divided by 41.
28
Calculate the remainder when 6818 is divided by 31.
29
What is the remainder when 11 is divided by 3?
2
Calculate the remainder when 423 is divided by 203.
17
Calculate the remainder when 934 is divided by 117.
115
What is the remainder when 364 is divided by 323?
41
What is the remainder when 263 is divided by 38?
35
What is the remainder when 188 is divided by 12?
8
Calculate the remainder when 229 is divided by 10.
9
What is the remainder when 518 is divided by 6?
2
Calculate the remainder when 2957 is divided by 185.
182
Calculate the remainder when 141 is divided by 36.
33
Calculate the remainder when 1658 is divided by 17.
9
What is the remainder when 911 is divided by 443?
25
What is the remainder when 124 is divided by 22?
14
Calculate the remainder when 1596 is divided by 321.
312
What is the remainder when 250 is divided by 28?
26
What is the remainder when 614 is divided by 613?
1
Calculate the remainder when 1841 is divided by 97.
95
What is the remainder when 142 is divided by 69?
4
Calculate the remainder when 362 is divided by 46.
40
What is the remainder when 5676 is divided by 2?
0
Calculate the remainder when 148 is divided by 27.
13
Calculate the remainder when 3834 is divided by 1.
0
Calculate the remainder when 413 is divided by 246.
167
Calculate the remainder when 844 is divided by 9.
7
Calculate the remainder when 252 is divided by 123.
6
Calculate the remainder when 302 is divided by 29.
12
What is the remainder when 83 is divided by 60?
23
What is the remainder when 219 is divided by 46?
35
Calculate the remainder when 137 is divided by 47.
43
What is the remainder when 10298 is divided by 20?
18
What is the remainder when 131 is divided by 50?
31
What i